sor of 240 and b?
48
Let m(h) = -2*h**3 + 16*h**2 - 12*h - 38. Let f be m(6). Let n(s) = 2*s**3 - 7*s**2 - 2*s + 2. Let l be n(6). Calculate the greatest common factor of l and f.
34
Let v(k) = 109*k**2 + 2*k + 1. Let i be v(-1). What is the greatest common divisor of i and 45?
9
Let i(a) = 2*a**3 - 49*a**2 - 25*a + 26. Let u be i(25). Calculate the greatest common divisor of 572 and u.
26
Let g = 130 + -76. Let w = 80 + -89. Let m(c) = -9*c - 75. Let y be m(w). Calculate the greatest common factor of y and g.
6
Let j(u) = u**2 + 9*u + 14. Let i be j(-4). Let a = 11 + i. Suppose -a*y + 96 = -2*s, 0*y + 4*s = -3*y + 68. What is the highest common divisor of y and 30?
10
Let s be 1/(-1)*(0 + -4). Let i = s - 4. Suppose 2*w + 5*f - 70 = i, -5*w = -0*f + f - 198. What is the highest common divisor of w and 8?
8
Let r be -73 - (-1 - -1)*(-9)/(-9). Let l = r + 79. Let a be (-184)/(-20) - (-1)/(-5). Calculate the highest common factor of l and a.
3
Let d(f) = 4*f**2 + f - 5. Let z be d(-4). Let v = 11 + -6. Suppose 2*p + v*q = 42, 0 = p - q - 5 - 2. What is the highest common divisor of z and p?
11
Suppose -3511 = -3*x + 4*k + 55, 0 = 3*x + 4*k - 3574. Calculate the highest common factor of x and 140.
70
Let z = 1118 - 1076. Calculate the highest common factor of z and 630.
42
Let a(n) = -6*n - 3. Let k be a(-1). Let d be (-4)/12*0 + k. Calculate the highest common factor of d and 33.
3
Let f(p) = 8*p**3 + 3*p**2 + 10*p - 12. Let s be f(4). What is the highest common divisor of 168 and s?
84
Suppose o + 1 - 3 = 0. Let y(p) = p**2 - 5*p - 34. Let q be y(9). Calculate the greatest common divisor of o and q.
2
Suppose 5*t - 48 = -4*z + 2*z, -36 = -2*t - 5*z. Let h be -4*7/t*-2. Suppose 2*o - 11 = -h. What is the highest common divisor of o and 1?
1
Let a(y) = 6*y**2 - y + 2. Let d(f) = f - 9. Let w be d(11). Let u be a(w). Calculate the greatest common divisor of 24 and u.
24
Suppose 35*c + 1792 = 43*c. What is the greatest common divisor of 64 and c?
32
Suppose -5*f - 5 = 0, 2*f + 4 = 4*c - 46. Suppose 2 = 3*u - 4*l - 10, -5*u + 3*l + 20 = 0. Calculate the greatest common divisor of u and c.
4
Suppose 11 - 3 = k. Let r be (-237)/(-12) - (-2)/k. What is the highest common factor of r and 30?
10
Suppose 3*f - 26*c - 7335 = -22*c, -2*c = -6. Calculate the highest common factor of 79 and f.
79
Let m(w) = w**3 - 6*w**2 + 3*w - 6. Let g be m(4). Let a = -25 - g. What is the highest common factor of 4 and a?
1
Suppose -2*u - 2*u = -16. Suppose -u*f + 3*m + 195 = -208, 0 = -3*m - 3. Calculate the highest common factor of f and 10.
10
Let o = 86 + -16. Suppose 41 = 3*i - u, 0 = 3*i + 3*u - 40 - 5. What is the greatest common divisor of i and o?
14
Suppose -10*l - 111 = -751. Calculate the highest common divisor of l and 16.
16
Suppose 4*n - 8*n + 4*x + 500 = 0, -10 = -2*x. What is the highest common factor of n and 208?
26
Let y(f) be the third derivative of f**5/60 + f**4/8 + 13*f**3/6 + 22*f**2. Let r be y(-5). What is the greatest common factor of 92 and r?
23
Suppose 4*g + 4*z = 1004, 4*g - 1365 = 2*z - 367. What is the greatest common factor of g and 50?
50
Suppose 0*g + g + 2*z = 0, 0 = -4*g - 5*z. Suppose -5*l = -3*v - 68, g*v - 12 = -l + v. What is the greatest common factor of l and 16?
16
Let y be 2/8 + 11/(44/435). Suppose -4*h + 282 - y = c, c + 163 = 4*h. What is the greatest common divisor of h and 28?
14
Let k = 432 - 417. Calculate the greatest common factor of 1005 and k.
15
Let y(w) = -23*w + 5. Let t be y(-2). Suppose -u - 15 = -t. Calculate the greatest common factor of u and 9.
9
Suppose 0 = 3*q - 2*q. Suppose 3*u + 3*u - 90 = q. Calculate the greatest common divisor of 135 and u.
15
Suppose s + s - 3*m + 3 = 0, -3*s + 5*m = 6. Calculate the greatest common factor of 21 and s.
3
Let o = 465 - 210. Suppose 6*w - o = w. Let q = w - 34. Calculate the greatest common factor of q and 187.
17
Let s be (2/(-3))/((-4)/(-6)). Let n be s*(-3 - -6) + 190. Let v(t) = -5*t - 3. Let m be v(-4). Calculate the greatest common factor of n and m.
17
Suppose -2*k + 5*s - 2 = 27, 0 = -3*k - 4*s + 14. Let h be (-352)/24*3/k. Suppose 54 + 1 = g. Calculate the highest common divisor of h and g.
11
Suppose 7687*k = 7689*k - 6048. Calculate the greatest common divisor of k and 112.
112
Suppose -6*x + 339 = -105. Suppose 71*b = x*b - 72. Let t = 5 - -1. Calculate the greatest common factor of t and b.
6
Let z = -54 - -24. Let u be (3*1)/(z/(-220)). What is the greatest common factor of u and 33?
11
Let c be (-16)/(-3) - (-2)/3. Suppose -n - 2*n + c = 0. Let z be (10/4)/((-40)/(-128)). Calculate the greatest common factor of z and n.
2
Let b be 3*((-22)/(-21) - 10/(-35)). Suppose -b*j + 44 + 12 = 0. Calculate the greatest common divisor of 98 and j.
14
Suppose -4*x - 3*m + 16 = 0, -3*x - 2*x - 3*m = -20. Let s = 775 + -769. Calculate the greatest common factor of s and x.
2
Let a(q) = q**2 + q + 11. Let m be a(0). Let n = -11 + m. Suppose n = 3*l + 3*d - 57, -l + 5*d + 33 = -16. Calculate the greatest common divisor of 4 and l.
4
Let p(x) = 6*x + 4. Let l be p(1). Let w be (-18)/30 + 56/l. What is the highest common factor of w and 10?
5
Suppose 4*t = o + 55, 0 = -0*t - 4*t + 2*o + 50. Suppose 4*v - 120 = 2*g, -3*g = 5*v - 4*v - 30. What is the highest common divisor of v and t?
15
Let p be (2/1 - 1)*-61. Let t = -47 - p. Calculate the highest common factor of 28 and t.
14
Suppose -2*a - 2*w = -40, -159*w + 157*w + 90 = 4*a. Calculate the highest common divisor of 2750 and a.
25
Let n(m) = -17*m**2 + 33*m + 2. Let w be n(1). Calculate the greatest common divisor of w and 486.
18
Let q = -22 + 24. Suppose 0 = -5*o + q*r + 330, -107 + 309 = 3*o - 2*r. Calculate the highest common factor of o and 8.
8
Suppose 0 = -4*l - 10 - 10. Let p = 365 + l. Calculate the highest common factor of 40 and p.
40
Let x(v) = -v**2 + 5*v + 3. Let t be x(0). Calculate the highest common factor of t and 33.
3
Suppose -38*v + 24*v + 3430 = 0. What is the greatest common factor of v and 140?
35
Let u(a) = 11*a + 169 - 177 - 3*a. Let p be u(7). What is the highest common factor of p and 64?
16
Suppose c - 5*i - 111 = 0, 5*c + 0*i - 495 = 5*i. Let d be 8 + -1 + -2 - -19. What is the highest common factor of c and d?
24
Suppose 8*o - 170 - 1550 = 0. Suppose 8*c = 433 + o. What is the greatest common factor of 9 and c?
9
Suppose 378*q + 186 = 380*q. What is the highest common factor of q and 713?
31
Suppose -2*y - 7 = j, -2*y = 2*y + 3*j + 13. Let a be 23 - (4 + y/2). What is the highest common divisor of 21 and a?
21
Let h = 691 - 615. What is the highest common divisor of h and 418?
38
Let a = -598 + 640. What is the greatest common divisor of 18 and a?
6
Let r(o) = 6*o + 20. Let l be ((-44)/4 - -1)*(-4)/10. Let n be r(l). Calculate the highest common factor of n and 11.
11
Suppose 44 = x - 60. Calculate the highest common divisor of x and 8.
8
Let s(u) = -u**3 + 4*u**2. Suppose 14 = 2*f + 6. Let r be s(f). Suppose r = p - 5*p + 308. What is the greatest common divisor of 7 and p?
7
Suppose 15*w - 3445 = -38*w. Calculate the highest common factor of w and 52.
13
Let m = 7 - 2. Suppose k = -3*l - 2*l - 11, 40 = 4*k - l. Let f be (-1 - k)/(2 + -4). Calculate the highest common divisor of m and f.
5
Let i(m) = 126*m**3 - m**2 + 2*m - 1. Let y be i(1). Suppose 2*d - y = -d. Let k = d - 8. What is the greatest common factor of 51 and k?
17
Suppose -o + 17*t + 10 = 18*t, 3*t = -3. What is the highest common factor of o and 319?
11
Suppose 0 = -91*p + 86*p + 195. What is the highest common factor of 312 and p?
39
Let i = -677 - -688. Calculate the highest common factor of 33 and i.
11
Let h(d) = -d**3 + 10*d**2 + 17*d + 1. Let w be h(12). Let j = 99 + w. What is the greatest common divisor of 176 and j?
16
Let o = -1063 - -1596. Calculate the highest common factor of 41 and o.
41
Suppose 418 = 3*u - 9*t + 7*t, 5*u + t - 688 = 0. What is the highest common factor of 12 and u?
6
Let x = -1575 + 1633. What is the highest common factor of x and 1189?
29
Let h(l) = 2*l**2 + 3*l + 5. Suppose 5 = 4*f + 17. Let j be h(f). What is the highest common factor of j and 112?
14
Let m = 302 + -282. Calculate the highest common divisor of 460 and m.
20
Let f(l) = -l**2 - 15*l. Let r be f(-11). Let j(p) = -p**3 -